is the highest common factor of 19 and q?
1
Let o(q) = 181*q**2 - q. Let p be o(-1). Let v = -158 + 161. Let k(w) = 3*w**2 - 2*w - 7. Let h be k(v). What is the highest common divisor of p and h?
14
Let w be (-1102)/(-4) + 3/6. Let h = -1854 - -1923. Calculate the highest common divisor of w and h.
69
Suppose -450105 = -108*h + 203187. Calculate the highest common divisor of 23 and h.
23
Let f be (25 - 30)/(1/(-2 - -1)). Suppose 0 = 24*x - 22*x - 8, -f*x + 17 = -3*l. Suppose h = 2 + 6. Calculate the highest common factor of h and l.
1
Let k be (-29688)/(-14) - (-20)/(4620/99). Calculate the greatest common factor of k and 202.
101
Let g be (-6)/(-69) - 2040315/(-437). Calculate the highest common divisor of g and 261.
29
Let w(a) = -a**3 - 8*a**2 + 23*a + 36. Let i be w(-12). Calculate the highest common divisor of i and 600.
24
Let v(i) = 22*i - 52. Let r be v(8). Let h = 105 - r. Let a(m) = -m + 9. Let z be a(h). Calculate the greatest common divisor of z and 280.
28
Let s = -99 - -102. Let d be (s - 396/(-8)) + (-7)/14. Calculate the greatest common factor of d and 26.
26
Let t be ((40/35)/(126/(-147)))/((-2)/36). What is the highest common factor of 4 and t?
4
Let c be 4/(-10) + 6887/355. Let q be (30 - 25) + (c - 0). Suppose m - 720 = -5*m. Calculate the greatest common factor of m and q.
24
Let x be -8 + (-7)/35*-55. Suppose -x = -5*i + 7. Calculate the highest common divisor of 206 and i.
2
Let s be ((-6)/(-4) - (-5 - -6))/(3/42000). What is the greatest common divisor of 56 and s?
56
Let x be 42/14 - 2*33/6. Let z = 28 + x. Suppose -195 = -5*u + 705. Calculate the greatest common divisor of z and u.
20
Let d(r) = 2 - 2*r**2 + 2*r**2 - r**2 - r + 2*r**2. Let w be d(4). Let t be (-20 - 675/(-30))/(2 + 6/(-8)). What is the greatest common factor of t and w?
2
Suppose 19*z - 6*z = 42861. Suppose z = 28*f - 623. Calculate the greatest common divisor of 28 and f.
28
Suppose -3574*d = -3559*d + 1048 - 3223. Calculate the highest common divisor of 783 and d.
29
Let r(n) = -51*n**3 - 4*n**2 + n + 5. Let z be (-3)/4 + 2/(-8). Let u be r(z). What is the greatest common divisor of 6 and u?
3
Let x(m) = -112*m - 3723. Let s be x(-67). Calculate the greatest common factor of s and 19.
19
Let l be (-4)/10 - (-37)/5. Let p = -35356 + 35372. What is the greatest common factor of p and l?
1
Suppose -2*k = 5*u - 36000, k - 5*u = 6*k - 89955. Calculate the greatest common divisor of k and 165.
165
Suppose -3*d + 18 = -12. Suppose -10*p + 180 = d. What is the highest common factor of 85 and p?
17
Suppose 5*j - 357 = -47. Let r(s) = -4*s**3 - 2*s**2 + 1338*s + 8042. Let w be r(-6). What is the highest common divisor of w and j?
62
Let h(r) = -2*r**2 - 170*r + 40. Let j be h(0). Calculate the greatest common divisor of j and 72.
8
Let j(o) = 3*o**2 - 38*o + 1. Let r(z) = 6*z - 59. Let s be r(12). Let b be j(s). Calculate the greatest common factor of b and 154.
14
Suppose 125*l - 129*l = -3840. Suppose l = 11*i - 7*i. What is the highest common factor of i and 30?
30
Suppose 2*k = -3*s + 847, 0 = 3*k - 5*k - s + 837. Let y = 427 - k. What is the greatest common factor of y and 1023?
11
Let m(f) = 26*f + 1004. Let s be m(-38). What is the highest common divisor of s and 18?
2
Let s be -52*(-852)/72 - (-4)/6. Calculate the highest common factor of s and 77.
77
Suppose -698*c - 5888 = -700*c. What is the greatest common factor of c and 23?
23
Suppose -10*q + 40*q = 120. Calculate the highest common divisor of 16 and q.
4
Let j = -2476 + 2719. What is the highest common divisor of 24 and j?
3
Let h(v) = v**2 - 7*v + 37. Let b be h(5). Suppose 10 = w + 2*z, -4*w + b = 2*z - 7*z. Let d = 79 - 7. Calculate the greatest common divisor of w and d.
8
Let d(k) = 33 + 15*k - 2*k + k**2 + 5*k - 2*k. Let b be d(-14). Suppose -4*r + b*n + 43 = 0, -31 = -5*r - n + 1. What is the highest common factor of r and 14?
7
Let m be (-25)/(-15)*(-1 + 4) + 1. Let o = -6 + m. Suppose 5*t + 3*x - 199 - 515 = 0, -t + 4*x + 152 = o. Calculate the greatest common factor of 16 and t.
16
Let o = 30975 - 30952. Suppose 4*t - t = 759. Calculate the greatest common divisor of o and t.
23
Let x(r) = r**2 + 34*r + 178. Let u be x(17). Calculate the greatest common factor of 275 and u.
55
Let n(o) = -o**2 - 43*o + 66. Let l be n(-44). What is the highest common divisor of 24 and l?
2
Let n(y) = 2*y**2 + 52*y + 4. Let i be n(-26). Let m be 126/i*(-3)/(-45)*10. What is the greatest common divisor of 6 and m?
3
Suppose -i - 2*i + 27 = 0. Let q(c) = c**3 + 10*c**2 - 13*c - 19. Let h be q(-11). Let z be 2*108/(-16)*-2*h. Calculate the greatest common divisor of i and z.
9
Suppose 5 = t - 3. Suppose b - 4*o - 33 = -t, 0 = 5*b - 2*o - 35. Let m be b/(25/15) - -1. Calculate the highest common factor of m and 6.
2
Let u be 16/(-6)*3/(-2). Suppose -k = 5, -u*h + 379 = k + 44. Suppose -246*y + 5202 = 60*y. Calculate the greatest common factor of h and y.
17
Let p(y) = 3*y**2 - 36*y - 53. Let g be p(17). Let b = g + -136. What is the highest common factor of 22 and b?
22
Let w = -8399 - -14719. Calculate the greatest common factor of w and 40.
40
Let y(f) = -f**2 - 3*f + 5. Let d be y(0). Let v(i) = 8*i**2 + i - 4. Let w be v(-3). What is the greatest common divisor of w and d?
5
Let y(w) = 13*w + 5*w**2 - 127 + 247 - 134. Let v be y(-5). What is the highest common divisor of v and 69?
23
Let w be 72/(-90) - 68/(-10). Let o(l) = l**2 - 4*l + 13. Let j be o(w). Let v be (0 - 45)*-2*5/j. Calculate the highest common factor of v and 6.
6
Let x = -298 + 402. Suppose -10 = -2*r, 2*r - x - 161 = -t. Calculate the greatest common factor of t and 34.
17
Let j(p) = 6*p - 4*p + 1 + 11 + 29. Let o be j(-18). What is the greatest common divisor of 35 and o?
5
Suppose -3*s - i - 2653 = -2725, 130 = 5*s + 5*i. What is the highest common divisor of 5704 and s?
23
Let i = -4303 + 4331. Calculate the greatest common divisor of i and 2492.
28
Let k = -900 + 910. Let s = 40 - -40. Calculate the greatest common factor of k and s.
10
Let m(w) = w**3 - 2*w**2 + w + 7. Let y be m(0). Let z(k) = 2*k**3 + 8*k**2 - 16*k - 1. Let q be z(3). What is the highest common factor of q and y?
7
Let i(z) = -14*z + 360. Let v(f) = -7*f - 28. Let p be v(-4). Let s be i(p). What is the highest common factor of s and 20?
20
Suppose -125 = -5*j - 92*w + 97*w, -2*w = -5*j + 119. Calculate the highest common divisor of 5589 and j.
23
Let v = 7 + -3. Let j be ((-4)/10)/((-11)/(-220))*110/(-44). What is the greatest common factor of v and j?
4
Let f(c) = -34*c - 24. Let s be f(8). Let n be -2 - s - (12 + -12). Calculate the highest common divisor of 42 and n.
42
Let x = -284 + 2066. What is the greatest common divisor of 486 and x?
162
Suppose -12*d + s - 22 = -14*d, -5*d = -2*s - 46. What is the highest common divisor of 10 and d?
10
Let k(v) = 12*v**2 - 15*v + 38. Let q be k(4). Calculate the greatest common divisor of q and 187.
17
Let p(d) = 4*d**2 - 76*d + 906. Let j be p(37). What is the highest common factor of j and 340?
170
Let k(r) = r**3 + 205*r**2 + 425*r + 3860. Let y be k(-203). Let t(i) = -i. Let m be t(-3). What is the highest common factor of m and y?
3
Suppose 713*j - 858 = 702*j. Calculate the highest common divisor of 2418 and j.
78
Let r be 128 + (-9)/(-6) + (-300)/40. What is the highest common divisor of 8906 and r?
122
Suppose -3*m + 109 = s, -4*s - 228 = -5*m - 35. Let j(z) = 10*z - 244. Let u be j(21). Let d = u + m. What is the highest common factor of 2 and d?
1
Let c be (-4 - -3)/((-4)/(-44)). Let p be 2 - (-1 - c)/(-5). Let j be ((-24)/(-3))/(3/12). Calculate the greatest common factor of j and p.
4
Let d = 21106 + -20175. What is the highest common factor of 95 and d?
19
Let l = 73 - 68. Suppose 4*b + 58 = -5*o - 46, 0 = 5*o + l*b + 105. Let k = o + 22. What is the greatest common divisor of k and 6?
2
Let p be (0 + 192/(-4))*52/(-16). Let d = 183 - p. What is the greatest common divisor of 135 and d?
27
Let q be -720*(2/8 + (-3315)/884). Calculate the highest common factor of q and 560.
280
Let k = 2820 + -2730. Calculate the greatest common factor of 4 and k.
2
Suppose -5*l - y + 15760 = 0, l = 2*y - 7*y + 3152. Suppose 36*o + 236 - l = 0. What is the greatest common factor of 18 and o?
9
Suppose 4*p = 8*p - 24. S